he remainder when 149 is divided by 119?
30
Calculate the remainder when 320 is divided by 23.
21
Calculate the remainder when 156 is divided by 85.
71
Calculate the remainder when 359 is divided by 91.
86
What is the remainder when 116 is divided by 1?
0
Calculate the remainder when 145 is divided by 20.
5
What is the remainder when 231 is divided by 115?
1
Calculate the remainder when 1041 is divided by 341.
18
What is the remainder when 138 is divided by 35?
33
What is the remainder when 271 is divided by 65?
11
What is the remainder when 142 is divided by 29?
26
What is the remainder when 558 is divided by 11?
8
Calculate the remainder when 227 is divided by 21.
17
Calculate the remainder when 1348 is divided by 27.
25
What is the remainder when 2091 is divided by 162?
147
What is the remainder when 164 is divided by 41?
0
Calculate the remainder when 1653 is divided by 21.
15
What is the remainder when 109 is divided by 6?
1
What is the remainder when 54 is divided by 4?
2
Calculate the remainder when 529 is divided by 107.
101
Calculate the remainder when 73 is divided by 15.
13
What is the remainder when 996 is divided by 494?
8
What is the remainder when 330 is divided by 75?
30
What is the remainder when 2903 is divided by 24?
23
What is the remainder when 603 is divided by 87?
81
What is the remainder when 1010 is divided by 11?
9
What is the remainder when 951 is divided by 119?
118
Calculate the remainder when 1999 is divided by 234.
127
Calculate the remainder when 1817 is divided by 143.
101
Calculate the remainder when 112 is divided by 31.
19
Calculate the remainder when 2479 is divided by 80.
79
What is the remainder when 96 is divided by 14?
12
Calculate the remainder when 197 is divided by 34.
27
What is the remainder when 26 is divided by 5?
1
Calculate the remainder when 745 is divided by 129.
100
What is the remainder when 250 is divided by 24?
10
What is the remainder when 482 is divided by 44?
42
What is the remainder when 660 is divided by 605?
55
What is the remainder when 350 is divided by 32?
30
What is the remainder when 149 is divided by 45?
14
Calculate the remainder when 32 is divided by 16.
0
What is the remainder when 2842 is divided by 32?
26
Calculate the remainder when 614 is divided by 201.
11
Calculate the remainder when 6446 is divided by 1607.
18
What is the remainder when 50 is divided by 6?
2
What is the remainder when 103 is divided by 14?
5
Calculate the remainder when 215 is divided by 57.
44
What is the remainder when 1067 is divided by 352?
11
What is the remainder when 179 is divided by 42?
11
Calculate the remainder when 912 is divided by 159.
117
What is the remainder when 13457 is divided by 136?
129
Calculate the remainder when 1026 is divided by 49.
46
What is the remainder when 624 is divided by 206?
6
Calculate the remainder when 336 is divided by 250.
86
Calculate the remainder when 90 is divided by 36.
18
What is the remainder when 419 is divided by 30?
29
Calculate the remainder when 219 is divided by 106.
7
What is the remainder when 1527 is divided by 170?
167
Calculate the remainder when 367 is divided by 139.
89
Calculate the remainder when 268 is divided by 5.
3
Calculate the remainder when 2347 is divided by 296.
275
Calculate the remainder when 66 is divided by 53.
13
Calculate the remainder when 157 is divided by 9.
4
What is the remainder when 719 is divided by 36?
35
Calculate the remainder when 487 is divided by 20.
7
Calculate the remainder when 176 is divided by 30.
26
What is the remainder when 374 is divided by 180?
14
What is the remainder when 938 is divided by 7?
0
What is the remainder when 104 is divided by 36?
32
Calculate the remainder when 202 is divided by 44.
26
Calculate the remainder when 190 is divided by 48.
46
What is the remainder when 112 is divided by 20?
12
What is the remainder when 618 is divided by 196?
30
Calculate the remainder when 1798 is divided by 32.
6
What is the remainder when 174 is divided by 36?
30
Calculate the remainder when 788 is divided by 44.
40
Calculate the remainder when 1112 is divided by 185.
2
Calculate the remainder when 1340 is divided by 21.
17
What is the remainder when 142 is divided by 73?
69
What is the remainder when 350 is divided by 74?
54
What is the remainder when 77 is divided by 26?
25
Calculate the remainder when 113 is divided by 30.
23
What is the remainder when 1300 is divided by 70?
40
Calculate the remainder when 113 is divided by 109.
4
What is the remainder when 5 is divided by 5?
0
What is the remainder when 818 is divided by 10?
8
Calculate the remainder when 103 is divided by 57.
46
What is the remainder when 818 is divided by 170?
138
Calculate the remainder when 3835 is divided by 22.
7
Calculate the remainder when 94 is divided by 17.
9
Calculate the remainder when 2554 is divided by 71.
69
Calculate the remainder when 384 is divided by 99.
87
Calculate the remainder when 15485 is divided by 242.
239
What is the remainder when 404 is divided by 36?
8
Calculate the remainder when 120 is divided by 41.
38
Calculate the remainder when 83 is divided by 28.
27
What is the remainder when 575 is divided by 7?
1
Calculate the remainder when 522 is divided by 67.
53
Calculate the remainder when 65 is divided by 27.
11
What is the remainder when 5081 is divided by 339?
335
What is the remainder when 174 is divided by 54?
12
Calculate the remainder when 256 is divided by 83.
7
What is the remainder when 30 is divided by 13?
4
Calculate the remainder when 3051 is divided by 7.
6
What is the remainder when 2995 is divided by 111?
109
What is the remainder when 371 is divided by 147?
77
Calculate the remainder when 1004 is divided by 51.
35
Calculate the remainder when 131 is divided by 44.
43
Calculate the remainder when 340 is divided by 194.
146
What is the remainder when 456 is divided by 17?
14
Calculate the remainder when 504 is divided by 40.
24
What is the remainder when 506 is divided by 19?
12
What is the remainder when 706 is divided by 23?
16
Calculate the remainder when 80959 is divided by 14.
11
What is the remainder when 2139 is divided by 101?
18
Calculate the remainder when 253 is divided by 31.
5
What is the remainder when 212 is divided by 74?
64
Calculate the remainder when 171 is divided by 14.
3
What is the remainder when 278 is divided by 47?
43
Calculate the remainder when 1641 is divided by 814.
13
Calculate the remainder when 230 is divided by 44.
10
Calculate the remainder when 215 is divided by 59.
38
What is the remainder when 366 is divided by 197?
169
What is the remainder when 48 is divided by 26?
22
What is the remainder when 171 is divided by 35?
31
What is the remainder when 77 is divided by 26?
25
What is the remainder when 623 is divided by 52?
51
Calculate the remainder when 177 is divided by 56.
9
What is the remainder when 187 is divided by 63?
61
Calculate the remainder when 7405 is divided by 34.
27
What is the remainder when 695 is divided by 692?
3
Calculate the remainder when 948 is divided by 160.
148
Calculate the remainder when 216 is divided by 29.
13
Calculate the remainder when 423 is divided by 71.
68
What is the remainder when 2625 is divided by 524?
5
Calculate the remainder when 95 is divided by 25.
20
What is the remainder when 1100 is divided by 350?
50
Calculate the remainder when 227 is divided by 21.
17
Calculate the remainder when 635 is divided by 209.
8
Calculate the remainder when 64 is divided by 21.
1
What is the remainder when 1310 is divided by 165?
155
What is the remainder when 406 is divided by 59?
52
What is the remainder when 355 is divided by 12?
7
Calculate the remainder when 140 is divided by 21.
14
What is the remainder when 270 is divided by 16?
14
Calculate the remainder when 14341 is divided by 22.
19
What is the remainder when 244 is divided by 49?
48
Calculate the remainder when 732 is divided by 21.
18
What is the remainder when 466 is divided by 7?
4
Calculate the remainder when 1401 is divided by 12.
9
Calculate the remainder when 146 is divided by 11.
3
Calculate the remainder when 2192 is divided by 33.
14
Calculate the remainder when 1169 is divided by 10.
9
What is the remainder when 1613 is divided by 116?
105
What is 